) - (15 - 31)?
10
Evaluate (4 - -11 - 42) + -8 + (-3 - -4).
-34
What is -38 - ((14 - 10) + -10 + 1 - (75 + -70))?
-28
What is 53 + (-3 - (4 + 7) - (-157 + 152))?
44
What is the value of 43 + (-25 - (-18 + 25)) - (-2 + -109)?
122
What is 38 + (-29 + 109 - 62)?
56
-23 + (-16 - -19) - (1 - (-2 - (0 - -2)))
-25
What is (-6 - (8 - 3 - 13) - 9) + (-29 - -30)?
-6
What is the value of (-2 - 19) + 4 + (-4 - -8) + 1 + 1?
-11
What is the value of 15 - (24 - 40) - 54 - -98?
75
Calculate -104 + 34 + 137 - 108.
-41
What is -9 + 48 - (60 - 68 - (-2 - -3 - 0))?
48
Evaluate -5 + -21 - -78 - (15 - (-1 + 2)).
38
What is 6 - (-10 - (-20 - 8 - -9) - (21 - 1))?
17
Evaluate 68 - 44 - (4 - 27).
47
What is 163 + 32 + -160 + 2 + 0?
37
785 - 742 - (-3 + 11)
35
Evaluate -47 - -75 - 45 - (-9 - -3).
-11
What is 11 + (81 - 2) + (-14 - (-5 + -5 - -8))?
78
Evaluate (-47 - (30 - 103)) + -12.
14
Calculate (1 - -48) + (-6 - ((103 - 104) + (2 - 11))).
53
What is the value of -30 - (-22 + (-21 - (-97 - 7)))?
-91
Evaluate -402 + 297 + -21 + 29.
-97
Evaluate (-1 - 16 - 29) + 104.
58
What is (1 - 0 - -19) + 364 + -359?
25
(-205 - -192 - (-46 + 11)) + (-119 - 3)
-100
Evaluate -12 + (18 + -2 - 62) - -13.
-45
What is the value of 53 + 6 - (-1922 - -2068)?
-87
(18 - (9 + -13)) + 1 + -39
-16
(122 - 3) + (-17 + -20 + (17 - -23) - -2)
124
What is (-122 - -86) + (21 - 93)?
-108
What is the value of 58 - (87 + -11) - (0 - -22)?
-40
What is 10 + (20 - ((676 - 686) + 0 + -1 + 5))?
36
Evaluate 9 + (10 - (-20 + 0)) + -2 + 2 - 11.
28
-18 + -8 + -17 + 139 + -23
73
Calculate (-136 - -114) + -4 + 24 + 115.
113
What is -1 + -5 + -694 + 365 + 282?
-53
What is -73 - (30 + 105 + -317)?
109
What is the value of -88 + 19 - ((15 - 4) + -54)?
-26
-59 + (2 + -10 - -38)
-29
Calculate (6 - -5) + 0 + (-5 + 44 - 41).
9
What is the value of -13 + (25 - 14) - (-3 - 16 - 3)?
20
Calculate -2963 + 2931 - (1 + -36).
3
Calculate -106 + 0 + -3 - (4930 + -4933).
-106
Calculate (1 + 6 - -7) + -4 + -45.
-35
What is the value of 26 - -2 - (27 + -22 + -9) - -1?
33
Calculate 12 + (-29 - -2) + (4 + 17 - -69).
75
Evaluate -2 - (30 + 46 + -75 + -130 + 2).
125
Evaluate (-3 - (6 + -28)) + (-60 - (-37 + -103)).
99
(-12 - (-14 + 5 + (-15 - (-2 + -2)))) + 110
118
What is 181 - 196 - (-5 + 1)?
-11
What is -105 + 98 + -115 + -1 + (-5 - -35)?
-93
What is 16 + -34 + 4 + (-16 - (3 - 4))?
-29
Calculate (33 - 2) + (464 - 503).
-8
What is (-38 - 47) + 43 + (20 - 5) + -5?
-32
Calculate (8 - -1) + -40 + (3 - (-10 - (9 + -10))).
-19
What is the value of -18 - (14 - 19 - 26 - -18) - -79?
74
Calculate (44 - (26 + 75)) + 29.
-28
0 + 20 + -10 + -12 + -10 + 48
36
Evaluate -43 + -5 + 624 + -595.
-19
What is -9 - (4 + -15) - (297 - 285)?
-10
What is the value of (8 - -2) + (-55 - (58 + -133))?
30
Calculate 16 + -66 + (-16 - (13 - 27) - -22).
-30
Evaluate 25 + -48 - -137 - 69.
45
Calculate 4 + -3 + 9 + (12 + -8 + 0 - 60).
-46
What is 15 - (-12 + (-1 - (24 + -13)) - -11)?
28
Calculate -1 + 55 + -8684 + 8648.
18
137 - (-91 - (-81 - 42))
105
Calculate -66 + (-119 - -349) + -105.
59
Calculate 154 - (48 + 5 + -23) - (-12 + -12).
148
What is -65 - ((-11 - 67) + 28)?
-15
What is (-22 - 0) + 56 - 5 - -20?
49
(114 - (122 - 7)) + (45 - 0 - 0)
44
-130 + 241 - 99 - (139 + -3)
-124
-69 - (-16 - (-35 - -6)) - -28
-54
What is -49 + (37 - -13) - (35 - 19)?
-15
What is the value of -39 - (-4 + 0 + 19 + (-2 - 19))?
-33
Calculate (-854 - -822) + 18 + -1 + 37.
22
Calculate -14 + 133 - 234 - -220.
105
What is the value of (-51 - -59) + -4 - 55?
-51
Calculate (-15 - -11) + (-38 - -4) + (31 - 22).
-29
What is the value of (15 - (-67 - -72)) + -61?
-51
Evaluate 34 + -169 + 24 + (11 - 15).
-115
What is (-37 - (-1 + 5 - (-19 + 5 + 25))) + 3?
-27
-49 + 15 + (-10 - (-5 - 4))
-35
Calculate 10 - (2 - (-11 - 19 - -7)).
-15
(295 - 304) + (-32 - (1 - 4 - -4))
-42
What is the value of (-1404 - -1367) + 3 + 0?
-34
84 + -1 + 221 + 195 + -391
108
Calculate -22 - ((-16 + -6 - -28) + 80) - 0.
-108
What is the value of 94 - ((-103 - -43) + 89)?
65
Evaluate 76 - (37 - (-67 - -91)).
63
Evaluate 16 + -17 - (7 - (-8 + 14)) - 79.
-81
Calculate 0 + -49 + (-94 - -89) + (-3 - (-2 - 8)).
-47
Calculate -3743 + 3742 - (1 - 12).
10
Calculate 24 + (4 - (6 - -15)) - -48.
55
Calculate -19 + 28 + (9 + 3 - (-7 + -3)).
31
(-416 - -403) + (60 - (8 - -2))
37
Evaluate -36 - (-10 + 19 - 59).
14
What is the value of -29 + 58 + -8 + -42?
-21
Evaluate 12 - 22 - 5 - -30 - -13.
28
What is (21 - -1) + 8827 + -8926?
-77
(9883 - 9856) + 3 + -1 + -12
17
What is -8 + (2 - 9 - -1 - (-153 + 137))?
2
What is the value of 78 - 57 - 28 - (1 - 67) - -9?
68
What is 8 + 541 + -543 + (10 - -1) - 36?
-19
What is the value of -72 + 26 + 43 + (4 - 28)?
-27
What is -34 + (14 - 14) - (1 + -23)?
-12
What is 2 + 0 - -5 - (1084 - 1066)?
-11
-11 + -16 + -95 + (1 - -1) - (0 + 1)
-121
What is -2644 + 2658 + 1 + 4?
19
Evaluate -17 - (-43 + 3 + 5 + -18 + 11).
25
What is the value of -27155 + 27130 - (12 + 1)?
-38
What is -117 - (-47 + -115) - -33?
78
(-54 - 1) + (6 - (8 + -7))
-50
What is 27 - 36 - (-16 + 8 - -10)?
-11
What is the value of -25 + 39 + -4 + -16 + -5 + 2 + 53?
44
Calculate -37 + 28 + 51 + 5.
47
(-8 - -29) + -1 + -5 + (-5 - -4) + 11
25
Calculate ((6 - 13) + -39 - -9) + 6 + 5.
-26
(-15 - -14) + (-12 + (35 - 25) - 50)
-53
What is the value of (-6 - (-3 + -63)) + (-2 + 1 - (-12 + 13))?
58
Calculate 48 - (-23 - (21 + -52 + 9)).
49
Evaluate (-1 - (11 - 0)) + -61 + 133 + 38.
98
Evaluate -39 + 1 + (128 + -101 - 5).
-16
What is 10 + (8 + 4 + -7 - (60 - 19))?
-26
Calculate -3 + 4 - -3 - (17 + (-52 - -44)).
-5
(11 - 13) + (0 - (-40 - (-2 + -4 - 2)))
30
Calculate (24 - (3 + -68)) + -10.
79
1 + -14 + -32 + 29 + 7 + -12
-21
Evaluate -1 + -5 + -5 - 13 - 3.
-27
Calculate -19 + 7 + 18 + (-9 - -1) - 18.
-20
Calculate 115 + -100 + (-15 - (-1 + -5)) + -4.
2
What is the value of -51 - (48 + (-36 - 3))?
-60
Calculate 6 - (-3 + 72 + 3) - (-523 - -505).
-48
(34 - -51) + (168 + -164 - (-1 - -9))
81
What is (1 - 4) + (-21 + -31 + 6 + -8 - -6)?
-51
-28 + -130 + 103 + 38
-17
Calculate (-14 - -14) + 5 - -6 - (15 - -2).
-6
What is 1 - -13 - ((2 - -2 - (-85 + 92)) + 2)?
15
Evaluate (-122 - -38 - 43) + 87.
-40
Evaluate -42 - -39 - -26 - (-3 + -12).
38
What is the value of 3 - (14 + -24 - -8) - (-1 - -29)?
-23
(186 - -87 - 262) + (12 - 0)
23
What is 67 + (-144 - 8 - -14)?
-71
What is the value of (13 - 3) + 554 + -593?
-29
What is 4 + -84 + (51 + -34 - -9)?
-54
Evaluate (71 - (2 - 3)) + -249 + 241.
64
What is 5 - (-45 + (-1 - 0) + 13 + (-38 - -32))?
44
What is the value of (-46 - -100) + 75 + -118?
11
What is -19 + -28 - (-6 - -4 - -1 - -11)?
-57
What is the value of (17 - 2) + (-5154 - -5119)?
-20
What is the value of -3 + 6 + -12 - (49 - (7 - 6 - -1))?
-56
-141 - (-53 - ((-44 - -11) + -9))
-130
Evaluate (-13 + 12 - 4) + -8 - (-22 + (10 - 10)).
9
-16 + (-19 - 1 - (-30 - (13 + -42)))
-35
What is the value of 13 - -47 - (220 + -125)?
-35
Evaluate (28 - 78 - -81) + (2 - -56).
89
Calculate -15 + 6 + -3 - (-39 - (2 - 1)).
28
311 + -307 - (-3 + (4 - 3) + -3 + 71)
-62
What is 21 + (15 - (3 + (-6 - (1 + -3) - -9)))?
28
Calculate 25 + -40 - (4 + 52).
-71
55 + (-24 - (-9 + 1)) + (39 - 12)
66
What is the value of (14 - 2 - 7) + -20 - -65?
50
Calculate -5 - 10 - (22 - (-7 - -17) - 41).
14
Calculate -38 - (1 - (73 + 19)).
53
Calculate (-26 - (-51 + 24 + 8)) + -118.
-125
(-10 + 8 - 1) + -65 + 95
27
Calculate (-104 - -48) + -14 + -7 + (-4 - -3).
-78
Calculate -15 + (1 + -16 - (-29 + -76 + 7)).
68
Evaluate 17 - ((-9 - -23) + 5 + -7).
5
Evaluate -13 - (2 - 6) - (-935 - -921).
5
Evaluate 47572 + -47603 - ((0 - 132) + 2).
99
Evaluate 20 - (-10 + -8 - -37) - 38.
-37
-6 - ((-55 - -81) + -5 + -3)
-24
2 + 2 - (17 + (1 - 45))
31
What is 25 - (-2 - (9 + 9 + -28 + 4))?
21
What is (-9 - 8) + 1 + 1 + 59 + 18?
62
What is 19 + -12 + (21 + 0 - (-400 + 327))?
101
Calculate 6 + -1 - (-1806 - -1772).
39
Evaluate 24 - 20 - (5 - -49) - (-1 + 2).
-51
Evaluate 12 + 4 + (12 - (12 - 46)) + -15.
47
Calculate -19 - ((8 + -15 - -49) + (-6 - 13)).
-42
-85 + 96 + -30 - (-2 + 40) - -1
-56
Calculate (-810 - -825) + (30 - (4 + -2)).
43
Evaluate 8 + 15 + 168 + -306.
-115
What is the value of (-8 - (5 + (-21 - (-7 + 7) - -9))) + 59?
58
18 - (5 + (6 + -1 - (-12 - -13)))
9
What is the value of 44 + -73 + 53 +